{"id":83,"date":"2025-03-25T14:34:36","date_gmt":"2025-03-25T13:34:36","guid":{"rendered":"http:\/\/tfpwkzx.cluster100.hosting.ovh.net\/?page_id=83"},"modified":"2025-03-25T14:34:36","modified_gmt":"2025-03-25T13:34:36","slug":"ugiecie-blekitu","status":"publish","type":"page","link":"http:\/\/tfpwkzx.cluster100.hosting.ovh.net\/index.php\/ugiecie-blekitu\/","title":{"rendered":"ugi\u0119cie b\u0142\u0119kitu"},"content":{"rendered":"\n<p><\/p>\n\n\n<div class=\"wp-block-image\">\n<figure class=\"aligncenter size-large is-resized\"><img loading=\"lazy\" decoding=\"async\" width=\"277\" height=\"1024\" src=\"http:\/\/tfpwkzx.cluster100.hosting.ovh.net\/wp-content\/uploads\/2025\/03\/Katarzyna_Bogusz_Ugiecie_blekitu_2018_1-1-277x1024.jpg\" alt=\"\" class=\"wp-image-86\" style=\"width:251px;height:auto\" srcset=\"http:\/\/tfpwkzx.cluster100.hosting.ovh.net\/wp-content\/uploads\/2025\/03\/Katarzyna_Bogusz_Ugiecie_blekitu_2018_1-1-277x1024.jpg 277w, http:\/\/tfpwkzx.cluster100.hosting.ovh.net\/wp-content\/uploads\/2025\/03\/Katarzyna_Bogusz_Ugiecie_blekitu_2018_1-1-81x300.jpg 81w\" sizes=\"auto, (max-width: 277px) 100vw, 277px\" \/><\/figure>\n<\/div>\n\n\n<p><em>Kiedy otwierasz oczy, \u015bwiat jest niebieski, a b\u0142\u0119kit ugina si\u0119 wraz z powiekami. Obraz faluje i powoli opada. To najwi\u0119ksze gor\u0105co. Po\u015bwiata poszczeg\u00f3lnych warstw g\u0119stnieje scalaj\u0105c si\u0119 w jeden ruch powietrza. \u0141\u0105czy albo rozrzedza obraz.<\/em><\/p>\n\n\n\n<p><em>Ci\u0119\u017cko jest stre\u015bci\u0107 krajobraz w jednej chmurze, znale\u017a\u0107 w\u0142a\u015bciwy balans bieli. Zawsze wiedzia\u0142am, \u017ce ob\u0142oki ukrywaj\u0105 niebo przed spojrzeniem. Przes\u0105czaj\u0105 si\u0119 przez wszystko jak potencjalno\u015b\u0107 \u2013 substancja, kt\u00f3ra wyrywa z chaosu pasywno\u015b\u0107 rzeczy.<\/em><\/p>\n\n\n\n<figure class=\"wp-block-image size-large\"><img loading=\"lazy\" decoding=\"async\" width=\"683\" height=\"1024\" src=\"http:\/\/tfpwkzx.cluster100.hosting.ovh.net\/wp-content\/uploads\/2025\/03\/Katarzyna_Bogusz_Ugiecie_blekitu_2018_3-1-683x1024.jpg\" alt=\"\" class=\"wp-image-84\" srcset=\"http:\/\/tfpwkzx.cluster100.hosting.ovh.net\/wp-content\/uploads\/2025\/03\/Katarzyna_Bogusz_Ugiecie_blekitu_2018_3-1-683x1024.jpg 683w, http:\/\/tfpwkzx.cluster100.hosting.ovh.net\/wp-content\/uploads\/2025\/03\/Katarzyna_Bogusz_Ugiecie_blekitu_2018_3-1-200x300.jpg 200w, http:\/\/tfpwkzx.cluster100.hosting.ovh.net\/wp-content\/uploads\/2025\/03\/Katarzyna_Bogusz_Ugiecie_blekitu_2018_3-1-768x1152.jpg 768w, http:\/\/tfpwkzx.cluster100.hosting.ovh.net\/wp-content\/uploads\/2025\/03\/Katarzyna_Bogusz_Ugiecie_blekitu_2018_3-1-1024x1536.jpg 1024w, http:\/\/tfpwkzx.cluster100.hosting.ovh.net\/wp-content\/uploads\/2025\/03\/Katarzyna_Bogusz_Ugiecie_blekitu_2018_3-1.jpg 1365w\" sizes=\"auto, (max-width: 683px) 100vw, 683px\" \/><\/figure>\n\n\n\n<figure class=\"wp-block-image size-large\"><img loading=\"lazy\" decoding=\"async\" width=\"683\" height=\"1024\" src=\"http:\/\/tfpwkzx.cluster100.hosting.ovh.net\/wp-content\/uploads\/2025\/03\/Katarzyna_Bogusz_Ugiecie_blekitu_2018_2-1-683x1024.jpg\" alt=\"\" class=\"wp-image-85\" srcset=\"http:\/\/tfpwkzx.cluster100.hosting.ovh.net\/wp-content\/uploads\/2025\/03\/Katarzyna_Bogusz_Ugiecie_blekitu_2018_2-1-683x1024.jpg 683w, http:\/\/tfpwkzx.cluster100.hosting.ovh.net\/wp-content\/uploads\/2025\/03\/Katarzyna_Bogusz_Ugiecie_blekitu_2018_2-1-200x300.jpg 200w, http:\/\/tfpwkzx.cluster100.hosting.ovh.net\/wp-content\/uploads\/2025\/03\/Katarzyna_Bogusz_Ugiecie_blekitu_2018_2-1-768x1152.jpg 768w, http:\/\/tfpwkzx.cluster100.hosting.ovh.net\/wp-content\/uploads\/2025\/03\/Katarzyna_Bogusz_Ugiecie_blekitu_2018_2-1-1024x1536.jpg 1024w, http:\/\/tfpwkzx.cluster100.hosting.ovh.net\/wp-content\/uploads\/2025\/03\/Katarzyna_Bogusz_Ugiecie_blekitu_2018_2-1.jpg 1365w\" sizes=\"auto, (max-width: 683px) 100vw, 683px\" \/><\/figure>\n\n\n\n<p><\/p>\n\n\n\n<p><em>Ugi\u0119cie b\u0142\u0119kitu<\/em>, odbitka 3m x 3m, mandala z niebieskich krzemieni, fotografia na p\u0142\u00f3tnie 120cm x 70cm absorbuj\u0105ca pigment, Galeria AT, Pozna\u0144 2018<br><br>Praca nad instalacj\u0105 rozpocz\u0119\u0142a si\u0119 w 2015 \u2013 proces przygotowania wystawy trwa\u0142 3 lata. Odbitka z\u0142o\u017cona zosta\u0142a z ponad 8000 zdj\u0119\u0107, 6028 niebieskich krzemieni.<\/p>\n","protected":false},"excerpt":{"rendered":"<p>Kiedy otwierasz oczy, \u015bwiat jest niebieski, a b\u0142\u0119kit ugina si\u0119 wraz z powiekami. Obraz faluje i powoli opada. To najwi\u0119ksze gor\u0105co. Po\u015bwiata poszczeg\u00f3lnych warstw g\u0119stnieje scalaj\u0105c si\u0119 w jeden ruch powietrza. \u0141\u0105czy albo rozrzedza obraz. Ci\u0119\u017cko jest stre\u015bci\u0107 krajobraz w jednej chmurze, znale\u017a\u0107 w\u0142a\u015bciwy balans bieli. Zawsze wiedzia\u0142am, \u017ce ob\u0142oki ukrywaj\u0105 niebo przed spojrzeniem. Przes\u0105czaj\u0105 &hellip; <\/p>\n<p class=\"link-more\"><a href=\"http:\/\/tfpwkzx.cluster100.hosting.ovh.net\/index.php\/ugiecie-blekitu\/\" class=\"more-link\">Czytaj dalej<span class=\"screen-reader-text\"> \u201eugi\u0119cie b\u0142\u0119kitu\u201d<\/span><\/a><\/p>\n","protected":false},"author":1,"featured_media":0,"parent":0,"menu_order":0,"comment_status":"closed","ping_status":"closed","template":"","meta":{"footnotes":""},"class_list":["post-83","page","type-page","status-publish","hentry"],"_links":{"self":[{"href":"http:\/\/tfpwkzx.cluster100.hosting.ovh.net\/index.php\/wp-json\/wp\/v2\/pages\/83","targetHints":{"allow":["GET"]}}],"collection":[{"href":"http:\/\/tfpwkzx.cluster100.hosting.ovh.net\/index.php\/wp-json\/wp\/v2\/pages"}],"about":[{"href":"http:\/\/tfpwkzx.cluster100.hosting.ovh.net\/index.php\/wp-json\/wp\/v2\/types\/page"}],"author":[{"embeddable":true,"href":"http:\/\/tfpwkzx.cluster100.hosting.ovh.net\/index.php\/wp-json\/wp\/v2\/users\/1"}],"replies":[{"embeddable":true,"href":"http:\/\/tfpwkzx.cluster100.hosting.ovh.net\/index.php\/wp-json\/wp\/v2\/comments?post=83"}],"version-history":[{"count":1,"href":"http:\/\/tfpwkzx.cluster100.hosting.ovh.net\/index.php\/wp-json\/wp\/v2\/pages\/83\/revisions"}],"predecessor-version":[{"id":88,"href":"http:\/\/tfpwkzx.cluster100.hosting.ovh.net\/index.php\/wp-json\/wp\/v2\/pages\/83\/revisions\/88"}],"wp:attachment":[{"href":"http:\/\/tfpwkzx.cluster100.hosting.ovh.net\/index.php\/wp-json\/wp\/v2\/media?parent=83"}],"curies":[{"name":"wp","href":"https:\/\/api.w.org\/{rel}","templated":true}]}}